354?
82
What is the remainder when 277343 is divided by 34666?
15
Calculate the remainder when 283335 is divided by 27.
24
What is the remainder when 329 is divided by 168?
161
Calculate the remainder when 9369 is divided by 2.
1
Calculate the remainder when 5609 is divided by 41.
33
What is the remainder when 113234 is divided by 596?
590
Calculate the remainder when 2942 is divided by 412.
58
What is the remainder when 13405 is divided by 3351?
1
Calculate the remainder when 306038 is divided by 448.
54
Calculate the remainder when 2505 is divided by 1182.
141
What is the remainder when 698330 is divided by 13?
9
What is the remainder when 72826 is divided by 28?
26
Calculate the remainder when 33576 is divided by 71.
64
Calculate the remainder when 26682 is divided by 105.
12
Calculate the remainder when 18981 is divided by 29.
15
Calculate the remainder when 10212 is divided by 319.
4
What is the remainder when 812233 is divided by 715?
708
What is the remainder when 3591 is divided by 739?
635
Calculate the remainder when 93952 is divided by 2847.
1
Calculate the remainder when 14516 is divided by 2419.
2
Calculate the remainder when 464088 is divided by 116020.
8
Calculate the remainder when 2134 is divided by 1014.
106
Calculate the remainder when 3811 is divided by 950.
11
Calculate the remainder when 2673 is divided by 58.
5
Calculate the remainder when 4208327 is divided by 35.
32
What is the remainder when 4788 is divided by 4701?
87
Calculate the remainder when 841 is divided by 817.
24
What is the remainder when 5237 is divided by 2596?
45
What is the remainder when 220883 is divided by 253?
14
Calculate the remainder when 6590 is divided by 81.
29
What is the remainder when 407 is divided by 184?
39
Calculate the remainder when 1852189 is divided by 8.
5
Calculate the remainder when 122607 is divided by 32.
15
What is the remainder when 440160 is divided by 393?
0
What is the remainder when 15682 is divided by 46?
42
What is the remainder when 21773 is divided by 64?
13
Calculate the remainder when 4658 is divided by 421.
27
Calculate the remainder when 1309 is divided by 1195.
114
Calculate the remainder when 113551 is divided by 47.
46
Calculate the remainder when 35120 is divided by 540.
20
What is the remainder when 1867 is divided by 374?
371
What is the remainder when 5609 is divided by 46?
43
Calculate the remainder when 1372 is divided by 39.
7
Calculate the remainder when 1492 is divided by 395.
307
What is the remainder when 2482593 is divided by 762?
759
What is the remainder when 15375 is divided by 2196?
3
Calculate the remainder when 26586 is divided by 2648.
106
Calculate the remainder when 20557 is divided by 444.
133
What is the remainder when 599 is divided by 46?
1
Calculate the remainder when 2702 is divided by 1330.
42
Calculate the remainder when 544 is divided by 522.
22
Calculate the remainder when 4710 is divided by 439.
320
What is the remainder when 2194 is divided by 80?
34
Calculate the remainder when 9367 is divided by 180.
7
Calculate the remainder when 5652 is divided by 13.
10
What is the remainder when 1325 is divided by 1304?
21
What is the remainder when 341665 is divided by 38?
7
Calculate the remainder when 670430 is divided by 16.
14
What is the remainder when 1785427 is divided by 86?
67
Calculate the remainder when 1547 is divided by 28.
7
Calculate the remainder when 46102 is divided by 113.
111
What is the remainder when 377393 is divided by 100?
93
Calculate the remainder when 2975 is divided by 130.
115
Calculate the remainder when 14966 is divided by 356.
14
Calculate the remainder when 481 is divided by 154.
19
What is the remainder when 1090 is divided by 368?
354
What is the remainder when 140619 is divided by 16?
11
What is the remainder when 55388 is divided by 58?
56
Calculate the remainder when 5148215 is divided by 72.
71
Calculate the remainder when 1523 is divided by 1499.
24
What is the remainder when 2782888 is divided by 9?
7
What is the remainder when 8267 is divided by 33?
17
What is the remainder when 2845567 is divided by 910?
907
Calculate the remainder when 1735989 is divided by 6.
3
Calculate the remainder when 8282 is divided by 8279.
3
What is the remainder when 21061 is divided by 44?
29
What is the remainder when 2119 is divided by 1908?
211
Calculate the remainder when 79684 is divided by 39839.
6
What is the remainder when 49733 is divided by 407?
79
Calculate the remainder when 353 is divided by 337.
16
What is the remainder when 31770 is divided by 129?
36
Calculate the remainder when 3432 is divided by 634.
262
Calculate the remainder when 8766 is divided by 17.
11
What is the remainder when 6995 is divided by 237?
122
What is the remainder when 376 is divided by 372?
4
What is the remainder when 70731 is divided by 301?
297
What is the remainder when 5792 is divided by 998?
802
What is the remainder when 177515 is divided by 47?
43
Calculate the remainder when 109858 is divided by 18306.
22
What is the remainder when 22231 is divided by 5554?
15
What is the remainder when 12039 is divided by 223?
220
Calculate the remainder when 5447 is divided by 156.
143
Calculate the remainder when 9050 is divided by 4515.
20
Calculate the remainder when 699415 is divided by 1.
0
What is the remainder when 4874 is divided by 4840?
34
Calculate the remainder when 665 is divided by 5.
0
What is the remainder when 3189 is divided by 450?
39
Calculate the remainder when 46552 is divided by 518.
450
Calculate the remainder when 768 is divided by 25.
18
Calculate the remainder when 539746 is divided by 1036.
1026
Calculate the remainder when 9240 is divided by 894.
300
What is the remainder when 86840 is divided by 133?
124
Calculate the remainder when 433328 is divided by 4207.
7
What is the remainder when 203900 is divided by 432?
428
Calculate the remainder when 1879635 is divided by 40.
35
Calculate the remainder when 17417 is divided by 9.
2
Calculate the remainder when 12798 is divided by 611.
578
Calculate the remainder when 16093 is divided by 8018.
57
What is the remainder when 1718 is divided by 171?
8
What is the remainder when 404111 is divided by 265?
251
Calculate the remainder when 1006 is divided by 23.
17
Calculate the remainder when 197836 is divided by 37.
34
Calculate the remainder when 72557 is divided by 15.
2
What is the remainder when 133016 is divided by 465?
26
What is the remainder when 468 is divided by 285?
183
What is the remainder when 1976 is divided by 1197?
779
Calculate the remainder when 2041 is divided by 81.
16
Calculate the remainder when 65014 is divided by 12.
10
Calculate the remainder when 3767 is divided by 79.
54
Calculate the remainder when 20798 is divided by 2971.
1
Calculate the remainder when 35905 is divided by 188.
185
Calculate the remainder when 463676 is divided by 21.
17
What is the remainder when 1491 is divided by 187?
182
What is the remainder when 139454 is divided by 139449?
5
What is the remainder when 450209 is divided by 258?
257
What is the remainder when 16951 is divided by 1687?
81
What is the remainder when 16985 is divided by 144?
137
What is the remainder when 171793 is divided by 838?
3
What is the remainder when 7866 is divided by 329?
299
Calculate the remainder when 887 is divided by 177.
2
What is the remainder when 17311 is divided by 444?
439
Calculate the remainder when 2713925 is divided by 31.
30
What is the remainder when 421488 is divided by 8781?
0
What is the remainder when 8723 is divided by 1744?
3
Calculate the remainder when 6963 is divided by 124.
19
What is the remainder when 1395 is divided by 344?
19
What is the remainder when 10988 is divided by 169?
3
What is the remainder when 6493 is divided by 3246?
1
Calculate the remainder when 691124 is divided by 151.
148
What is the remainder when 3654278 is divided by 842?
840
Calculate the remainder when 55613 is divided by 69.
68
Calculate the remainder when 11715 is divided by 11.
0
What is the remainder when 49536 is divided by 106?
34
What is the remainder when 8353 is divided by 4160?
33
What is the remainder when 466177 is divided by 10?
7
What is the remainder when 331508 is divided by 140?
128
What is the remainder when 259063